(-5).
0
Let y(n) = -514*n + 100237. Calculate y(195).
7
Let o(r) = 7237*r - 108548. Determine o(15).
7
Let x(k) = -12*k**3 - 61*k**2 - 2*k - 359. Determine x(-6).
49
Let r(d) = 82*d**3 - 166*d**2 - 54*d + 114. Give r(2).
-2
Let a(r) = -7*r**3 - 525*r**2 + 11*r + 364. Give a(-75).
-461
Let d(c) = -143*c**3 + 5293*c**2 - 69*c + 25. Give d(37).
210
Let w(h) = h**3 + 131*h**2 + 253*h - 636. Determine w(-129).
9
Let t(n) = -6*n**3 - 17*n**2 + 46*n + 189. Calculate t(-6).
597
Let n(x) = 84*x**2 + 19152*x + 32. Calculate n(-228).
32
Let n(i) = 33*i**3 + 343*i**2 + 697*i + 5. Give n(-2).
-281
Let q(d) = -2229*d - 35365. Calculate q(-16).
299
Let k(z) = 2*z**3 + 104*z**2 - 13*z - 1766. Calculate k(-52).
-1090
Let i(j) = -j**2 - 9317*j + 7399006. Calculate i(736).
-2
Let p(l) = 21424*l - 964053. What is p(45)?
27
Let t(a) = -a**3 - 39*a**2 - 223*a - 19. What is t(-32)?
-51
Let s(a) = -193230*a + 3284905. Give s(17).
-5
Let b(p) = 13351*p + 213647. Give b(-16).
31
Let u(r) = 3*r**2 - 27*r - 34639. What is u(-103)?
-31
Let n(i) = 5*i**2 - 6320*i + 50610. What is n(8)?
370
Let l(x) = -8783*x - 78892. Give l(-9).
155
Let g(r) = 6824*r - 2586282. Give g(379).
14
Let b(m) = -m**3 + 2759*m**2 + 529017*m + 8823. Give b(2939).
6
Let y(i) = 622*i**2 + 2*i - 9. Give y(1).
615
Let g(s) = 6900*s - 4602305. Determine g(667).
-5
Let r(m) = 5*m**3 - 5904*m**2 - 23706*m - 29. Calculate r(-4).
11
Let x(w) = 4*w**2 - 49467*w + 197809. Calculate x(4).
5
Let u(d) = -d**2 + 1035149*d + 4140603. Determine u(-4).
-9
Let u(k) = 81*k**2 - 153*k + 62. Determine u(1).
-10
Let a(m) = -2*m**3 - 324*m**2 + 692*m + 366. Calculate a(-164).
-5538
Let f(i) = 7*i**3 - 111*i**2 + 304*i - 11. What is f(11)?
-781
Let c(n) = -474*n - 9433. What is c(-20)?
47
Let c(k) = 6284*k + 50348. Give c(-8).
76
Let g(m) = 1563*m - 64147. Determine g(41).
-64
Let j(w) = 20*w**2 - 139*w + 145. What is j(6)?
31
Let s(l) = -l**3 - 70*l**2 + 120*l - 1736. Give s(-72).
-8
Let p(v) = 1468*v + 20704. What is p(-14)?
152
Let w(k) = 7*k**3 - 7533*k**2 - 29175*k + 16211. What is w(1080)?
11
Let h(s) = 4*s**3 - 14*s**2 - 283*s + 134. Calculate h(12).
1634
Let d(x) = -308*x + 7671. Calculate d(23).
587
Let z(d) = -704*d + 80309. Determine z(114).
53
Let y(o) = 773*o**2 - 436772*o + 15254. What is y(565)?
-1
Let l(a) = -23*a - 434. Determine l(-26).
164
Let g(y) = -167522*y + 167560. Give g(1).
38
Let t(a) = -370*a - 12853. What is t(-35)?
97
Let r(s) = -101*s**2 - 26361*s + 711. Determine r(-261).
711
Let c(f) = -13*f**3 + 161*f**2 + 7*f. Give c(12).
804
Let u(r) = -r**2 - 7278*r - 318293. Determine u(-44).
3
Let r(q) = 239*q - 4320. Calculate r(19).
221
Let a(z) = z**3 + 501*z**2 + 10001*z - 11813. Determine a(-22).
1
Let m(u) = 27*u**3 - 174*u**2 - 9*u + 3. Calculate m(7).
675
Let m(z) = z**3 - 15*z**2 - 34*z + 657. Give m(19).
1455
Let c(n) = 16*n**2 - 5781*n + 205632. What is c(40)?
-8
Let b(v) = 3*v**2 - 220*v - 13636. Determine b(-40).
-36
Let y(n) = -5*n**2 - 568*n + 2305. Determine y(4).
-47
Let h(l) = -79*l - 13803. Give h(-201).
2076
Let m(a) = -2*a**3 + 64*a**2 - 351*a - 610. What is m(24)?
182
Let o(z) = -89*z + 4534. What is o(52)?
-94
Let p(s) = 842*s + 43. What is p(1)?
885
Let y(g) = -10*g**3 + 50*g**2 - 147*g + 1270. Give y(9).
-3293
Let n(v) = v**3 - 34*v**2 + 241*v + 1031. What is n(25)?
1431
Let a(z) = 16*z**2 - 2293*z - 66363. Calculate a(168).
-3
Let w(a) = -a**3 + 46129*a**2 + 1200031*a + 21. What is w(-26)?
-5
Let d(a) = -2*a**3 + 42*a**2 + 1698*a - 2361. What is d(41)?
17
Let y(v) = -v**3 - 26*v**2 + 49*v + 400. Calculate y(-27).
-194
Let g(s) = -2*s**2 + 1574*s + 11117. Calculate g(-7).
1
Let x(n) = -130829*n + 3663186. What is x(28)?
-26
Let z(j) = -40918*j + 572827. What is z(14)?
-25
Let m(w) = 34289*w - 240011. Calculate m(7).
12
Let q(j) = -2269*j - 20425. What is q(-9)?
-4
Let v(o) = o**3 + 26*o**2 - 189*o - 83. What is v(6)?
-65
Let c(x) = -4*x**2 - 161110*x - 966682. Give c(-6).
-166
Let n(v) = -2943*v - 88223. Determine n(-30).
67
Let m(s) = 593*s - 566. Give m(1).
27
Let g(o) = -o**3 - 562*o**2 - 686*o - 70129. Calculate g(-561).
-4
Let y(s) = -2*s**3 - 24*s**2 - 23*s - 201. What is y(-14)?
905
Let x(w) = 3782*w - 3351. Calculate x(1).
431
Let z(b) = -286*b + 15173. Calculate z(58).
-1415
Let n(k) = -615*k + 31515. What is n(51)?
150
Let w(a) = a**2 + 108*a + 2122. Calculate w(-19).
431
Let m(l) = l**3 - 712*l**2 - 3512*l - 52347. Determine m(717).
-6
Let o(c) = 117790*c - 588977. What is o(5)?
-27
Let o(l) = -l**3 - 71*l**2 + 1430*l - 3345. Give o(14).
15
Let s(c) = -24563*c + 3316005. Give s(135).
0
Let x(i) = 5*i**2 - 1281*i + 7754. What is x(250)?
4
Let l(m) = -3538*m + 74142. Give l(21).
-156
Let z(n) = -n**3 + 64*n**2 - 336*n + 2421. Determine z(59).
2
Let z(n) = -n**3 - 60*n**2 + 499*n + 6805. Give z(-66).
7
Let h(w) = -18936*w - 1988289. Determine h(-105).
-9
Let h(x) = 1179*x - 14173. What is h(12)?
-25
Let x(p) = -3*p**3 - 35*p**2 - 19*p - 359. Determine x(-10).
-669
Let a(n) = -6*n**2 + 1260*n + 1282. Determine a(211).
16
Let l(i) = -i**2 + 1052*i - 24677. Give l(24).
-5
Let y(w) = -w**3 + 37*w**2 - 3159*w + 136231. Determine y(41).
-12
Let z(g) = 6*g**3 + 2375*g**2 - 291*g + 41582. Determine z(-396).
2
Let o(m) = 11*m**2 - 1117*m - 36482. Determine o(-26).
-4
Let h(v) = -2113*v - 41722. Determine h(-22).
4764
Let j(g) = 329*g - 4737. Calculate j(13).
-460
Let u(s) = -s**2 - 1085*s - 58576. What is u(-57)?
20
Let o(p) = p**3 - 64*p**2 + 69*p - 459. Calculate o(63).
-81
Let p(r) = -2103*r + 368023. Determine p(175).
-2
Let t(w) = 1981*w - 3974. Determine t(2).
-12
Let g(a) = 2*a**3 + 128*a**2 + 46*a + 3024. Give g(-64).
80
Let c(n) = 57*n**2 - 2261*n + 1544. Determine c(39).
62
Let o(w) = 246713*w - 740151. Determine o(3).
-12
Let k(i) = -2090*i**2 - 27196*i - 334. Determine k(-13).
4
Let g(c) = 5987*c + 35893. Calculate g(-6).
-29
Let q(w) = -4*w**3 + 49*w**2 + 251*w + 1194. What is q(17)?
-30
Let p(c) = 1586*c + 445671. Determine p(-281).
5
Let k(p) = 2081*p + 31250. Give k(-15).
35
Let l(c) = c**2 - 120*c + 3592. Calculate l(47).
161
Let f(o) = -127*o**2 - 1270*o - 62. Calculate f(-10).
-62
Let g(c) = -c**3 + 123*c**2 + 577*c + 365. Determine g(-4).
89
Let y(o) = 1216*o + 304017. Give y(-250).
17
Let b(j) = j**2 - 15269*j + 167848. Calculate b(11).
10
Let v(f) = 19*f**3 - 16*f**2 + 29*f - 8. Give v(1).
24
Let t(g) = -16*g**3 + 211*g**2 - 205*g + 5. Give t(1).
-5
Let r(q) = 536*q + 12326. What is r(-29)?
-3218
Let b(q) = -1378*q**2 + 20670*q + 8. Give b(15).
8
Let i(o) = 6*o**3 + 35*o**2 + 153*o + 77. Give i(-5).
-563
Let b(t) = 206*t + 344. Calculate b(-5).
-686
Let l(t) = -t**2 + 418*t - 155. Give l(0).
-155
Let q(u) = -81*u**2 - 41*u + 46. What is q(1)?
-76
Let w(j) = -j**2 - 205507*j - 6780648. What is w(-33)?
-6
Let p(b) = -2603*b + 1181759. What is p(454)?
-3
Let u(f) = -36549*f + 109452. Give u(3).
-195
Let u(v) = v**2 + 1092*v + 165614. Give u(-182).
-6
Let w(h) = -2*h**2 + 991*h - 27058. Determine w(29).
-1
Let y(q) = 6*q**3 - 503*q**2 - 90*q + 1366. Determine y(84).
862
Let w(h) = 2*h**3 - 2*h**2 + 870*h - 4428. Give w(5).
122
Let h(m) = 179*m**2 + 3219*m + 17. What is h(-18)?
71
Let h(r) = -149*r**2 - 4773*r + 33484. Give h(7).
-7228
Let f(p) = -2758*p - 74461. Determine f(-27).
5
Let i(o) = 2*o**2 - 200*o + 643. What is i(97)?
61
Let r(f) = -26*f**2 - 3012*f - 268. Give r(-116).
-732
Let k(y) = 2*y**3 + 95*y**2 - 110*y - 2234. What is k(-48)?
742
Let h(q) = -4*q**3 - 77*q**2 - 358*q - 23. Calculate h(-10).
-143
Let t(s) = -3*s**3 + 49*s**2 + 22*s + 213. Determine t(17).
9
Let k(o) = 2430*o**2 + 72911*o + 338. Determine k(-30).
8
Let a(v) = -107*v - 1704. What is a(-3)?
-1383
Let i(t) = 2*t**3 + 122*t**2 - 12439*t + 1017. What is i(54)?
-9
Let b(m) = -557*m**2 + 22819*m + 772. Calculate b(41).
34
Let j(g) = 98*g - 9740. Calculate j(100).
60
Let t(m) = 17*m**3 + 759*m**2 - 288*m - 796. Determine t(-45).
14
Let i(a) = 203*a**2 - 1291*a + 432. Give i(6).
-6
Let f(v) = 23*v**2 - 62*v - 68. Calculate f(-1).
17
Let r(g) = -1299003*g - 15588034. Determine r(-12).
2
Let n(f) = 15*f**2 + 95*f - 208. What is n(-8)?
-8
Let k(y) = -3*y**2 + 523*y - 20234. Give k(58).
8
Let a(h) = h**3 - 88*h**2 + 422*h - 43. Determine a(83).
538
Let m(l) = -3*l**3 + 118*l**2 - 905*l